 5*f - 99, u*f + 0*f - 18 = -5*i. Is f a composite number?
False
Suppose -1602 - 154 = -4*w. Is w a prime number?
True
Let t = -5 - -9. Let x(n) = -2*n**3 - 4*n**2 + 4*n - 1. Let y(o) = -5*o**3 - 9*o**2 + 9*o - 2. Let g(l) = t*y(l) - 9*x(l). Is g(-1) prime?
True
Let l = -8 - -14. Let o be (-2)/8 + (-162)/(-8). Let z = o + l. Is z composite?
True
Let u = -273 - -1864. Is u a prime number?
False
Let c(h) = h**3 + h**2 + h + 3004. Let z be c(0). Suppose -3*y + z = y. Is y a prime number?
True
Suppose -r + 16 = -79. Suppose 597 = 2*u - r. Is u/14 + (-2)/(-7) a prime number?
False
Let m(s) be the second derivative of 47*s**3/6 + 5*s**2/2 + 3*s. Is m(6) a composite number?
True
Let w(o) = -23*o + 11. Is w(-6) a composite number?
False
Is (3 + 2 - -326)/(0 + 1) composite?
False
Let j(b) be the third derivative of -19*b**6/30 + b**5/60 - b**4/24 - b**3/6 - 5*b**2. Let k = -2 - -1. Is j(k) a composite number?
True
Let z(m) = -m + 42. Is z(9) a prime number?
False
Suppose -2*n + 675 + 119 = -5*r, 1217 = 3*n - r. Is n composite?
True
Let y(o) = o**2 + 1. Let l be y(-1). Suppose l*j = 7*j - 55. Let i = j - 4. Is i a prime number?
True
Let b(x) be the first derivative of 3*x**2 + 5*x + 1. Suppose 5*z - 3*z = 10. Is b(z) prime?
False
Let r(c) = c**2 + c. Let b be r(-2). Let t(h) = -h**b + 1 + h**2 + 3*h**2 - h**2 + 2*h. Is t(3) a prime number?
False
Let g = -1139 + 757. Is (g - -1)*(-3)/9 prime?
True
Suppose 4*l + 3*g + 0*g = -8, -5*g = l + 2. Is l/(-5) + 11253/55 prime?
False
Let w be 6/((4/(-111))/(-2)). Suppose -3*v = -6*v - g + 266, -4*v + 3*g = -w. Is v composite?
True
Let n(s) be the third derivative of -s**6/120 + 7*s**5/60 - s**4/8 - s**3/3 + 2*s**2. Let t = 2 + 3. Is n(t) a prime number?
False
Let l be (4/(-3))/(2/(-27)). Let h = -13 + l. Suppose -h*j = -15, 3*j - 142 = -4*o + 99. Is o composite?
True
Let z = -387 - -586. Is z composite?
False
Let m(y) = -12 - 9*y - y**3 - y**2 - 10*y**2 + 2*y**2. Let x be m(-8). Let g(j) = j**3 + 5*j**2 - j + 2. Is g(x) composite?
True
Let x = -2940 - -4987. Is x a composite number?
True
Let r be (-3)/(-5) + 6/15. Let z(j) = j**2 + j + 1. Let f(y) = -7*y**2 - 4*y - 3. Let a(p) = -f(p) - 4*z(p). Is a(r) a composite number?
False
Suppose -d - 4*c - 80 = 254, 5*c - 316 = d. Let z = -91 - d. Is z a prime number?
False
Suppose -1574 = -5*u + 2751. Is u a prime number?
False
Is ((-8)/24)/((-1)/57) a composite number?
False
Let u be -14 + (-2)/((-3)/(-3)). Let z = u + 10. Let d(v) = -6*v + 1. Is d(z) a composite number?
False
Let a be (-3)/(9/(-4))*3. Suppose 16 = 3*i + 4*o, -3*o + 20 = a*i + 2*o. Is (-2)/(-6)*i + 10 a prime number?
False
Let k = 4 - 9. Let f = k + 9. Suppose 9*i = f*i + 95. Is i prime?
True
Let x = 242 - 131. Is x prime?
False
Suppose 27*r - 3190 = 17*r. Is r a prime number?
False
Let x(l) = l**3 + 8*l**2 - 5*l - 3. Is x(-8) a prime number?
True
Let w(q) = 10*q**2 + 0*q - 9*q**2 + q + 121. Let u be w(0). Is (u/(-2))/((-7)/14) a composite number?
True
Let h(d) = -862*d - 43. Is h(-12) composite?
False
Suppose 0 = z - 0*z - 209. Is z prime?
False
Let k = 3378 - -2131. Is k a composite number?
True
Is 796/(-6)*(-3)/2 a prime number?
True
Suppose -13*m - 18663 + 73900 = 0. Is m prime?
False
Let x be 1/(2*2/120). Suppose -y + x = -3*i, -44 + 4 = -y + 5*i. Is y a prime number?
False
Suppose 0 = 4*a + 4*t - 4224, -2*a + 5*t + 4233 = 2*a. Is a composite?
True
Let t(a) = 2*a**3 - 7*a**2 - 6*a - 1. Suppose 3*b - 33 = 2*c - 7*c, 2*c - 6 = 0. Is t(b) a prime number?
False
Suppose 3*t - 20 = -5. Suppose -t*i + 0*i + 485 = 0. Is i a prime number?
True
Let c(s) = s**2 - 8*s + 3. Let r be c(7). Let x be 1 + 0 - (-7 - r). Suppose x*k - 101 = -2*t + 9, -t + 43 = -k. Is t a composite number?
False
Let u = -1081 - -2036. Is u composite?
True
Let g(q) be the second derivative of -q**3 + 5/2*q**2 + 4*q - 1/20*q**5 + 0 + 1/12*q**4. Is g(-5) a composite number?
True
Suppose -p - 3012 = -4*s, 5*s - 10*p = -9*p + 3765. Is s a composite number?
True
Let g(l) = 55*l**2 - 7*l - 5. Let f be g(-4). Is f/(-12)*16/(-4) prime?
False
Let o(x) = 4644*x**2 + 2*x - 3. Is o(1) composite?
False
Suppose -5*u + 29 = -11. Let m(q) = 12*q - q**2 - 3*q**2 - 9 + 3*q**2. Is m(u) a prime number?
True
Let d(i) = 39*i - 3. Let n be d(-4). Is (-1 - 4)*n/15 a composite number?
False
Let m = -239 + 984. Is m prime?
False
Is (20/30)/(4/1086) a composite number?
False
Let f(g) = g**2 + g. Let l be f(1). Suppose -l*v + 102 = -0*v. Is v composite?
True
Suppose 10*c = 8*c. Suppose -555 = -c*b - 5*b. Is b composite?
True
Suppose 5*b + m = 480, 2*m - 6 = 4. Let a = -182 + b. Is 2/(-8) - a/12 prime?
True
Let q(m) = 5*m**2 - 3*m - 3. Let o = 11 - -1. Suppose -t = 3*t + o. Is q(t) composite?
True
Let u(t) be the first derivative of 4*t**3/3 + 9*t**2/2 + t + 3. Is u(8) a prime number?
False
Let t = 10 - 3. Is 2597/t - (-1 - 1) a composite number?
False
Suppose -4*q + 5*p + 305 - 68 = 0, 4*q + 4*p - 192 = 0. Is q a prime number?
True
Let s(w) be the second derivative of 3*w**5/10 - w**4/12 + w**3/6 + 3*w**2/2 + w. Let x be s(3). Suppose -a + 4*a - x = 0. Is a a composite number?
False
Let g be 3/(-3)*(1 + 8). Let q = g + 13. Suppose f = -q*o + 45, 7*o - 3*o + 3*f = 55. Is o a prime number?
False
Let m(j) = 40*j**2 - 16*j - 19. Is m(-9) prime?
False
Let d(t) = -t - 1. Let k be d(-3). Suppose -4*u = -k + 10, -q + 5*u - 14 = 0. Let i = q + 57. Is i a composite number?
True
Suppose 0 = 5*x - 4*j + 85 - 1548, -3*x + j = -882. Is x a composite number?
True
Suppose 0 = 3*m - m - i + 234, -2*i - 460 = 4*m. Let t = m - -76. Let b = t - -77. Is b composite?
False
Let z = -11 - -165. Suppose -12 = -3*f, o - z = -o + f. Is o prime?
True
Let v = 330 - -85. Is v a prime number?
False
Let f(c) be the second derivative of c**5/20 + 121*c**2/2 - 5*c. Is f(0) prime?
False
Suppose -3*s + 0*c + 3*c = -369, -2*s + 226 = 2*c. Suppose 0*t - 197 = -k - 3*t, -k + 197 = -3*t. Let f = k - s. Is f prime?
True
Let x(o) = o**3 + 6*o**2 - 3*o - 6. Suppose 2*t = -0*t - 8. Let v be x(t). Suppose -2*p + v + 28 = 0. Is p composite?
True
Let p(g) = -7*g - 3. Is p(-10) a composite number?
False
Suppose -2*f = f - 4*s - 34, 8 = -2*f - 5*s. Suppose f*n - 2*n - 532 = 0. Is n a composite number?
True
Let k(p) = 98*p**2 - 3*p + 4. Is k(-3) composite?
True
Let i(m) = 2*m**3 - m**3 - 3 - 2*m + 0*m - 9*m**2. Suppose -3 = -p + 7. Is i(p) composite?
True
Let f = 19 - 16. Suppose 6*n - 603 = f*n. Is n a prime number?
False
Let j(l) = 6*l**2 - 11*l - 22. Is j(-9) prime?
True
Let f(s) be the second derivative of s**4/12 - 7*s**3/6 + 9*s**2/2 + s. Let c be f(6). Suppose -74 = -2*k + c*x, 0*k - 3*k + 111 = -3*x. Is k composite?
False
Suppose -341 = -16*d + 5*d. Is d prime?
True
Suppose 3*k + 317 = 1430. Is k a composite number?
True
Let o(y) = -y**2 - 4*y + 7. Let i be o(-5). Suppose f = -i*f + 15. Suppose -f*q = -2*q - 177. Is q prime?
True
Let w = -66 + 135. Suppose 4*j + w = 449. Is j prime?
False
Let p = 746 - 399. Is p a composite number?
False
Let o(y) = -9*y - 6. Let a be ((-14)/4)/((-5)/(-10)). Let x be o(a). Let q = 136 - x. Is q a prime number?
True
Suppose -4*p - 160 = -12*p. Let n = 7 - -13. Suppose -4*m + p = -n. Is m a prime number?
False
Let m(k) = k**3 + 4*k**2 - 3*k - 3. Suppose 0 = -2*r - a, -r - 3*a + 6 = -a. Let y be m(r). Let d = y + 3. Is d composite?
True
Suppose -2*c - 19 = 3*o - 656, -840 = -4*o + 2*c. Is o prime?
True
Let l(u) = 126*u**2 + 2*u - 1. Is l(1) a prime number?
True
Suppose -2*p - 1296 = -4*x - 6*p, -3*x = -2*p - 957. Let l = x - 202. Is l a composite number?
True
Suppose 0 = 3*d - 3*j - 618, d - 83 - 117 = -5*j. Is d composite?
True
Let l be 18/4*20/15. Let z = l - 4. Is z prime?
True
Suppose -2*o = -6 + 2. Let u be (-69)/o*68/(-6). Suppose 0*s = s - 4*q - 83, -5*s = 4*q - u. Is s a composite number?
False
Suppose -9 - 30 = -3*a. Suppose -16 = 2*t - 0*t + 4*f, 4*f + 12 = -4*t. Suppose 0 = -d - 5, t*b = 2*d + a + 5. Is b prime?
False
Suppose l + 7 = -4*l - 3*q, -2*l = 5*q + 18. Suppose l - 31 = -5*m. Is (3/(-2))/(m/(-88)) prime?
False
Suppose -90 - 66 = -6*r. Is r composite?
True
Let j(p) be the third derivative of -p**5/60 - 11*p**4/24 + 4*p**3/3 - p**2. Let r be j(-10). Suppose -3*w = -r - 3. Is w prime?
True
Let d(b) = b**2 + 6*b + 5. Let j(z) = -72*z + 72. Let t(s) = 13*s 